{"id":123,"date":"2016-11-18T20:27:23","date_gmt":"2016-11-18T23:27:23","guid":{"rendered":"http:\/\/adpocosdecaldas.com.br\/2016\/?page_id=123"},"modified":"2017-02-10T12:36:38","modified_gmt":"2017-02-10T15:36:38","slug":"palavra-do-presidente","status":"publish","type":"page","link":"https:\/\/adpocosdecaldas.com.br\/portal\/palavra-do-presidente\/","title":{"rendered":"Palavra do Presidente"},"content":{"rendered":"<p><span class=\"wpsdc-drop-cap\">A<\/span> igreja \u00e9 nossa fam\u00edlia espiritual, \u00e9 o corpo de Cristo na terra e n\u00f3s somos os membros deste corpo.<\/p>\n<p>Desta forma, devemos ativamente participar de tudo o que envolve a IGREJA.<\/p>\n<p>Em todo o Campo\u00a0s\u00e3o realizados diversos trabalhos durante a semana.<\/p>\n<p style=\"text-align: center;\"><a href=\"http:\/\/adpocosdecaldas.com.br\/2016\/o-campo-de-pocos\/igreja-sede\/\">Clique aqui para\u00a0conhec\u00ea-los<\/a>\u00a0e venha participar dos nossos cultos!!!<\/p>\n<p>&nbsp;<\/p>\n<p style=\"text-align: right;\"><em>Dr. Aur\u00e9lio Rodrigues dos Santos<br \/>\nPastor Presidente<\/em><\/p>\n","protected":false},"excerpt":{"rendered":"<p>A igreja \u00e9 nossa fam\u00edlia espiritual, \u00e9 o corpo de Cristo na terra e n\u00f3s somos os membros deste corpo.<\/p>\n","protected":false},"author":1,"featured_media":0,"parent":0,"menu_order":1,"comment_status":"closed","ping_status":"closed","template":"","meta":{"colormag_page_container_layout":"no_sidebar_full_width","colormag_page_sidebar_layout":"right_sidebar","footnotes":""},"class_list":["post-123","page","type-page","status-publish","hentry"],"_links":{"self":[{"href":"https:\/\/adpocosdecaldas.com.br\/portal\/wp-json\/wp\/v2\/pages\/123","targetHints":{"allow":["GET"]}}],"collection":[{"href":"https:\/\/adpocosdecaldas.com.br\/portal\/wp-json\/wp\/v2\/pages"}],"about":[{"href":"https:\/\/adpocosdecaldas.com.br\/portal\/wp-json\/wp\/v2\/types\/page"}],"author":[{"embeddable":true,"href":"https:\/\/adpocosdecaldas.com.br\/portal\/wp-json\/wp\/v2\/users\/1"}],"replies":[{"embeddable":true,"href":"https:\/\/adpocosdecaldas.com.br\/portal\/wp-json\/wp\/v2\/comments?post=123"}],"version-history":[{"count":14,"href":"https:\/\/adpocosdecaldas.com.br\/portal\/wp-json\/wp\/v2\/pages\/123\/revisions"}],"predecessor-version":[{"id":308,"href":"https:\/\/adpocosdecaldas.com.br\/portal\/wp-json\/wp\/v2\/pages\/123\/revisions\/308"}],"wp:attachment":[{"href":"https:\/\/adpocosdecaldas.com.br\/portal\/wp-json\/wp\/v2\/media?parent=123"}],"curies":[{"name":"wp","href":"https:\/\/api.w.org\/{rel}","templated":true}]}}