{"id":126,"date":"2016-11-19T13:30:19","date_gmt":"2016-11-19T16:30:19","guid":{"rendered":"http:\/\/adpocosdecaldas.com.br\/2016\/?page_id=126"},"modified":"2017-05-03T10:33:35","modified_gmt":"2017-05-03T13:33:35","slug":"departamentos","status":"publish","type":"page","link":"https:\/\/adpocosdecaldas.com.br\/portal\/departamentos\/","title":{"rendered":"Departamentos"},"content":{"rendered":"<p style=\"text-align: justify;\"><span class=\"wpsdc-drop-cap\">O<\/span>s departamentos constituem as unidades respons\u00e1veis pela organiza\u00e7\u00e3o do trabalho realizado nas mais diversas \u00e1reas da igreja.<\/p>\n<p style=\"text-align: justify;\">Cada departamento \u00e9 gerido por uma equipe, sob a lideran\u00e7a de um respons\u00e1vel, que est\u00e1 diretamente subordinado ao Pastor Presidente ou ao Pastor da Congrega\u00e7\u00e3o.<\/p>\n<p>Os departamentos da Igreja Sede s\u00e3o: Miss\u00f5es,\u00a0<a href=\"http:\/\/adpocosdecaldas.com.br\/2016\/departamentos\/circulo-de-oracao\/\">C\u00edrculo de Ora\u00e7\u00e3o<\/a>, <a href=\"http:\/\/adpocosdecaldas.com.br\/2016\/departamentos\/mocidade\/\">Mocidade<\/a>, <a href=\"http:\/\/adpocosdecaldas.com.br\/2016\/departamentos\/ministerio-infantil\/\">Minist\u00e9rio Infantil<\/a>, <a href=\"http:\/\/adpocosdecaldas.com.br\/portal\/departamentos\/escola-biblica-dominical\/\">Escola B\u00edblica Dominical<\/a>, <a href=\"http:\/\/adpocosdecaldas.com.br\/2016\/departamentos\/orquestra\/\">Orquestra<\/a> e Coreografia.<\/p>\n","protected":false},"excerpt":{"rendered":"<p>Os departamentos constituem as unidades respons\u00e1veis pela organiza\u00e7\u00e3o do trabalho realizado nas mais diversas \u00e1reas da igreja. Cada departamento \u00e9<\/p>\n","protected":false},"author":1,"featured_media":0,"parent":0,"menu_order":2,"comment_status":"closed","ping_status":"closed","template":"","meta":{"colormag_page_container_layout":"no_sidebar_content_centered","colormag_page_sidebar_layout":"no_sidebar","footnotes":""},"class_list":["post-126","page","type-page","status-publish","hentry"],"_links":{"self":[{"href":"https:\/\/adpocosdecaldas.com.br\/portal\/wp-json\/wp\/v2\/pages\/126","targetHints":{"allow":["GET"]}}],"collection":[{"href":"https:\/\/adpocosdecaldas.com.br\/portal\/wp-json\/wp\/v2\/pages"}],"about":[{"href":"https:\/\/adpocosdecaldas.com.br\/portal\/wp-json\/wp\/v2\/types\/page"}],"author":[{"embeddable":true,"href":"https:\/\/adpocosdecaldas.com.br\/portal\/wp-json\/wp\/v2\/users\/1"}],"replies":[{"embeddable":true,"href":"https:\/\/adpocosdecaldas.com.br\/portal\/wp-json\/wp\/v2\/comments?post=126"}],"version-history":[{"count":14,"href":"https:\/\/adpocosdecaldas.com.br\/portal\/wp-json\/wp\/v2\/pages\/126\/revisions"}],"predecessor-version":[{"id":1262,"href":"https:\/\/adpocosdecaldas.com.br\/portal\/wp-json\/wp\/v2\/pages\/126\/revisions\/1262"}],"wp:attachment":[{"href":"https:\/\/adpocosdecaldas.com.br\/portal\/wp-json\/wp\/v2\/media?parent=126"}],"curies":[{"name":"wp","href":"https:\/\/api.w.org\/{rel}","templated":true}]}}

<p style="text-align: justify;"><span class="wpsdc-drop-cap">O</span>s departamentos constituem as unidades responsáveis pela organização do trabalho realizado nas mais diversas áreas da igreja.</p>
<p style="text-align: justify;">Cada departamento é gerido por uma equipe, sob a liderança de um responsável, que está diretamente subordinado ao Pastor Presidente ou ao Pastor da Congregação.</p>
<p>Os departamentos da Igreja Sede são: Missões, <a href="http://adpocosdecaldas.com.br/2016/departamentos/circulo-de-oracao/">Círculo de Oração</a>, <a href="http://adpocosdecaldas.com.br/2016/departamentos/mocidade/">Mocidade</a>, <a href="http://adpocosdecaldas.com.br/2016/departamentos/ministerio-infantil/">Ministério Infantil</a>, <a href="http://adpocosdecaldas.com.br/portal/departamentos/escola-biblica-dominical/">Escola Bíblica Dominical</a>, <a href="http://adpocosdecaldas.com.br/2016/departamentos/orquestra/">Orquestra</a> e Coreografia.</p>

<p>Os departamentos constituem as unidades responsáveis pela organização do trabalho realizado nas mais diversas áreas da igreja. Cada departamento é</p>
