{"id":129,"date":"2016-11-19T14:24:11","date_gmt":"2016-11-19T17:24:11","guid":{"rendered":"http:\/\/adpocosdecaldas.com.br\/2016\/?page_id=129"},"modified":"2023-10-17T15:05:37","modified_gmt":"2023-10-17T18:05:37","slug":"circulo-de-oracao","status":"publish","type":"page","link":"https:\/\/adpocosdecaldas.com.br\/portal\/departamentos\/circulo-de-oracao\/","title":{"rendered":"C\u00edrculo de Ora\u00e7\u00e3o"},"content":{"rendered":"<h4>&#8220;Sempre Fi\u00e9is&#8221;<\/h4>\n<p dir=\"ltr\" style=\"text-align: justify;\"><span class=\"wpsdc-drop-cap\">E<\/span>sse importante departamento da igreja foi fundado em 1942, em Recife\/PE, com sete irm\u00e3s sob a lideran\u00e7a da irm\u00e3 Albertina, que almejava a cura de sua filha Leidinha; e a menina que tinha expectativa de vida dada pelos m\u00e9dicos de apenas oito anos, andou e viveu por 49 anos.<\/p>\n<p dir=\"ltr\" style=\"text-align: justify;\">O Senhor escuta a ora\u00e7\u00e3o e aben\u00e7oa essas mulheres, que at\u00e9 hoje lhe buscam no C\u00cdRCULO DE ORA\u00c7\u00c3O!!<\/p>\n<p dir=\"ltr\" style=\"text-align: justify;\">Venha participar conosco, todas \u00e0s segundas-feiras \u00e0s 19 horas.<\/p>\n<p dir=\"ltr\" style=\"text-align: justify;\">Ser\u00e1 um prazer receb\u00ea-los.<\/p>\n<p dir=\"ltr\" style=\"text-align: right;\"><em>Pra. Diva Maria de Oliveira dos Santos<br \/>\nPresidente da Uni\u00e3o Feminina<br \/>\n<\/em><\/p>\n","protected":false},"excerpt":{"rendered":"<p>&#8220;Sempre Fi\u00e9is&#8221; Esse importante departamento da igreja foi fundado em 1942, em Recife\/PE, com sete irm\u00e3s sob a lideran\u00e7a da<\/p>\n","protected":false},"author":1,"featured_media":0,"parent":126,"menu_order":1,"comment_status":"closed","ping_status":"closed","template":"","meta":{"colormag_page_container_layout":"no_sidebar_content_centered","colormag_page_sidebar_layout":"no_sidebar","footnotes":""},"class_list":["post-129","page","type-page","status-publish","hentry"],"_links":{"self":[{"href":"https:\/\/adpocosdecaldas.com.br\/portal\/wp-json\/wp\/v2\/pages\/129","targetHints":{"allow":["GET"]}}],"collection":[{"href":"https:\/\/adpocosdecaldas.com.br\/portal\/wp-json\/wp\/v2\/pages"}],"about":[{"href":"https:\/\/adpocosdecaldas.com.br\/portal\/wp-json\/wp\/v2\/types\/page"}],"author":[{"embeddable":true,"href":"https:\/\/adpocosdecaldas.com.br\/portal\/wp-json\/wp\/v2\/users\/1"}],"replies":[{"embeddable":true,"href":"https:\/\/adpocosdecaldas.com.br\/portal\/wp-json\/wp\/v2\/comments?post=129"}],"version-history":[{"count":14,"href":"https:\/\/adpocosdecaldas.com.br\/portal\/wp-json\/wp\/v2\/pages\/129\/revisions"}],"predecessor-version":[{"id":2220,"href":"https:\/\/adpocosdecaldas.com.br\/portal\/wp-json\/wp\/v2\/pages\/129\/revisions\/2220"}],"up":[{"embeddable":true,"href":"https:\/\/adpocosdecaldas.com.br\/portal\/wp-json\/wp\/v2\/pages\/126"}],"wp:attachment":[{"href":"https:\/\/adpocosdecaldas.com.br\/portal\/wp-json\/wp\/v2\/media?parent=129"}],"curies":[{"name":"wp","href":"https:\/\/api.w.org\/{rel}","templated":true}]}}

Círculo de Oração

<h4>&#8220;Sempre Fiéis&#8221;</h4>
<p dir="ltr" style="text-align: justify;"><span class="wpsdc-drop-cap">E</span>sse importante departamento da igreja foi fundado em 1942, em Recife/PE, com sete irmãs sob a liderança da irmã Albertina, que almejava a cura de sua filha Leidinha; e a menina que tinha expectativa de vida dada pelos médicos de apenas oito anos, andou e viveu por 49 anos.</p>
<p dir="ltr" style="text-align: justify;">O Senhor escuta a oração e abençoa essas mulheres, que até hoje lhe buscam no CÍRCULO DE ORAÇÃO!!</p>
<p dir="ltr" style="text-align: justify;">Venha participar conosco, todas às segundas-feiras às 19 horas.</p>
<p dir="ltr" style="text-align: justify;">Será um prazer recebê-los.</p>
<p dir="ltr" style="text-align: right;"><em>Pra. Diva Maria de Oliveira dos Santos<br />
Presidente da União Feminina<br />
</em></p>

<p>&#8220;Sempre Fiéis&#8221; Esse importante departamento da igreja foi fundado em 1942, em Recife/PE, com sete irmãs sob a liderança da</p>
