{"id":139,"date":"2016-11-19T14:34:06","date_gmt":"2016-11-19T17:34:06","guid":{"rendered":"http:\/\/adpocosdecaldas.com.br\/2016\/?page_id=139"},"modified":"2019-02-14T13:39:34","modified_gmt":"2019-02-14T16:39:34","slug":"orquestra","status":"publish","type":"page","link":"https:\/\/adpocosdecaldas.com.br\/portal\/departamentos\/orquestra\/","title":{"rendered":"Orquestra"},"content":{"rendered":"<h4>\u201cTudo quanto tem f\u00f4lego louve ao Senhor. Louvai ao Senhor.\u201d Salmo 150:6<\/h4>\n<p style=\"text-align: justify;\"><span class=\"wpsdc-drop-cap\">A<\/span> Orquestra Louvores Eternos \u00e9 o departamento musical oficial da AD Po\u00e7os de Caldas.<\/p>\n<p style=\"text-align: justify;\">A orquestra tem sua origem ligada \u00e0 antiga banda musical de nossa igreja. Banda essa que teve origem no final da d\u00e9cada de 80 e foi respons\u00e1vel pela forma\u00e7\u00e3o de diversos m\u00fasicos em nossa igreja. No ano de 2004, a banda tomou o formato de orquestra. Arranjos espec\u00edficos foram comprados e instrumentos novos foram adquiridos. Surgia ali a Orquestra Filarm\u00f4nica ADPOC. Nome esse que seria substitu\u00eddo em 2015 por Orquestra Louvores Eternos.<\/p>\n<p style=\"text-align: justify;\">O departamento \u00e9 respons\u00e1vel pela execu\u00e7\u00e3o de hinos e c\u00e2nticos, sempre com o intuito de louvar e exaltar o \u00fanico e poderoso Deus, que \u00e9 digno de honras e gl\u00f3rias.<\/p>\n<p style=\"text-align: justify;\">Que a Paz do Senhor esteja com todos!<\/p>\n<p>&nbsp;<\/p>\n<p style=\"text-align: right;\"><em>Maestro Edgar Gomes<br \/>\n<\/em><\/p>\n","protected":false},"excerpt":{"rendered":"<p>\u201cTudo quanto tem f\u00f4lego louve ao Senhor. Louvai ao Senhor.\u201d Salmo 150:6 A Orquestra Louvores Eternos \u00e9 o departamento musical<\/p>\n","protected":false},"author":1,"featured_media":0,"parent":126,"menu_order":5,"comment_status":"closed","ping_status":"closed","template":"","meta":{"colormag_page_container_layout":"no_sidebar_content_centered","colormag_page_sidebar_layout":"no_sidebar","footnotes":""},"class_list":["post-139","page","type-page","status-publish","hentry"],"_links":{"self":[{"href":"https:\/\/adpocosdecaldas.com.br\/portal\/wp-json\/wp\/v2\/pages\/139","targetHints":{"allow":["GET"]}}],"collection":[{"href":"https:\/\/adpocosdecaldas.com.br\/portal\/wp-json\/wp\/v2\/pages"}],"about":[{"href":"https:\/\/adpocosdecaldas.com.br\/portal\/wp-json\/wp\/v2\/types\/page"}],"author":[{"embeddable":true,"href":"https:\/\/adpocosdecaldas.com.br\/portal\/wp-json\/wp\/v2\/users\/1"}],"replies":[{"embeddable":true,"href":"https:\/\/adpocosdecaldas.com.br\/portal\/wp-json\/wp\/v2\/comments?post=139"}],"version-history":[{"count":9,"href":"https:\/\/adpocosdecaldas.com.br\/portal\/wp-json\/wp\/v2\/pages\/139\/revisions"}],"predecessor-version":[{"id":2097,"href":"https:\/\/adpocosdecaldas.com.br\/portal\/wp-json\/wp\/v2\/pages\/139\/revisions\/2097"}],"up":[{"embeddable":true,"href":"https:\/\/adpocosdecaldas.com.br\/portal\/wp-json\/wp\/v2\/pages\/126"}],"wp:attachment":[{"href":"https:\/\/adpocosdecaldas.com.br\/portal\/wp-json\/wp\/v2\/media?parent=139"}],"curies":[{"name":"wp","href":"https:\/\/api.w.org\/{rel}","templated":true}]}}