{"id":2119,"date":"2019-06-20T17:59:26","date_gmt":"2019-06-20T20:59:26","guid":{"rendered":"http:\/\/adpocosdecaldas.com.br\/portal\/?page_id=2119"},"modified":"2022-08-23T10:40:52","modified_gmt":"2022-08-23T13:40:52","slug":"contendas","status":"publish","type":"page","link":"https:\/\/adpocosdecaldas.com.br\/portal\/o-campo-de-pocos\/congregacoes\/contendas\/","title":{"rendered":"Contendas"},"content":{"rendered":"<h6 style=\"text-align: center;\">Dirigente: Pastor Bresce<\/h6>\n<h6 style=\"text-align: center;\">Endere\u00e7o:<\/h6>\n<address style=\"text-align: center;\">Rod. Lourival Lind\u00f3rio de Faria, Km 280 (SP 344) &#8211; Contendas<br \/>\nDivinol\u00e2ndia\/SP<\/address>\n","protected":false},"excerpt":{"rendered":"<p>Dirigente: Pastor Bresce Endere\u00e7o: Rod. Lourival Lind\u00f3rio de Faria, Km 280 (SP 344) &#8211; Contendas Divinol\u00e2ndia\/SP<\/p>\n","protected":false},"author":1,"featured_media":0,"parent":112,"menu_order":0,"comment_status":"closed","ping_status":"closed","template":"","meta":{"colormag_page_container_layout":"no_sidebar_full_width","colormag_page_sidebar_layout":"right_sidebar","footnotes":""},"class_list":["post-2119","page","type-page","status-publish","hentry"],"_links":{"self":[{"href":"https:\/\/adpocosdecaldas.com.br\/portal\/wp-json\/wp\/v2\/pages\/2119","targetHints":{"allow":["GET"]}}],"collection":[{"href":"https:\/\/adpocosdecaldas.com.br\/portal\/wp-json\/wp\/v2\/pages"}],"about":[{"href":"https:\/\/adpocosdecaldas.com.br\/portal\/wp-json\/wp\/v2\/types\/page"}],"author":[{"embeddable":true,"href":"https:\/\/adpocosdecaldas.com.br\/portal\/wp-json\/wp\/v2\/users\/1"}],"replies":[{"embeddable":true,"href":"https:\/\/adpocosdecaldas.com.br\/portal\/wp-json\/wp\/v2\/comments?post=2119"}],"version-history":[{"count":4,"href":"https:\/\/adpocosdecaldas.com.br\/portal\/wp-json\/wp\/v2\/pages\/2119\/revisions"}],"predecessor-version":[{"id":2261,"href":"https:\/\/adpocosdecaldas.com.br\/portal\/wp-json\/wp\/v2\/pages\/2119\/revisions\/2261"}],"up":[{"embeddable":true,"href":"https:\/\/adpocosdecaldas.com.br\/portal\/wp-json\/wp\/v2\/pages\/112"}],"wp:attachment":[{"href":"https:\/\/adpocosdecaldas.com.br\/portal\/wp-json\/wp\/v2\/media?parent=2119"}],"curies":[{"name":"wp","href":"https:\/\/api.w.org\/{rel}","templated":true}]}}