{"id":310,"date":"2016-11-30T15:45:04","date_gmt":"2016-11-30T18:45:04","guid":{"rendered":"http:\/\/adpocosdecaldas.com.br\/2016\/?page_id=310"},"modified":"2024-12-20T21:57:47","modified_gmt":"2024-12-21T00:57:47","slug":"pq-pinheiros","status":"publish","type":"page","link":"https:\/\/adpocosdecaldas.com.br\/portal\/o-campo-de-pocos\/congregacoes\/pq-pinheiros\/","title":{"rendered":"Pq. Pinheiros"},"content":{"rendered":"<h6 style=\"text-align: center;\">Dirigente: Evangelista Cristiano<\/h6>\n<p><img loading=\"lazy\" decoding=\"async\" class=\"aligncenter wp-image-318\" src=\"http:\/\/adpocosdecaldas.com.br\/2016\/wp-content\/uploads\/2016\/11\/foto1177-300x225.jpg\" alt=\"Fachada\" width=\"600\" height=\"450\" srcset=\"https:\/\/adpocosdecaldas.com.br\/portal\/wp-content\/uploads\/2016\/11\/foto1177-300x225.jpg 300w, https:\/\/adpocosdecaldas.com.br\/portal\/wp-content\/uploads\/2016\/11\/foto1177-768x576.jpg 768w, https:\/\/adpocosdecaldas.com.br\/portal\/wp-content\/uploads\/2016\/11\/foto1177-1024x768.jpg 1024w, https:\/\/adpocosdecaldas.com.br\/portal\/wp-content\/uploads\/2016\/11\/foto1177.jpg 1600w\" sizes=\"auto, (max-width: 600px) 100vw, 600px\" \/><\/p>\n<h6 style=\"text-align: center;\">Endere\u00e7o:<\/h6>\n<p style=\"text-align: center;\"><iframe loading=\"lazy\" style=\"border: 0;\" src=\"https:\/\/www.google.com\/maps\/embed?pb=!1m18!1m12!1m3!1d7408.500400073162!2d-46.498686709831304!3d-21.809261809128504!2m3!1f0!2f0!3f0!3m2!1i1024!2i768!4f13.1!3m3!1m2!1s0x94c9e83fe6dfce79%3A0xd8aabf5c8fd4c3a6!2sR.+V%C3%ADtor+Emanuel+Imesi%2C+221+-+Parque+Pinheiros%2C+Po%C3%A7os+de+Caldas+-+MG%2C+37706-063!5e0!3m2!1spt-BR!2sbr!4v1480531409058\" width=\"600\" height=\"450\" frameborder=\"0\" allowfullscreen=\"allowfullscreen\"><\/iframe><\/p>\n<address style=\"text-align: center;\">R. V\u00edtor Emanuel Imesi, 221 &#8211; Pq. Pinheiros<br \/>\nCEP: 37706-063<br \/>\nPo\u00e7os de Caldas\/MG<\/address>\n","protected":false},"excerpt":{"rendered":"<p>Dirigente: Evangelista Cristiano Endere\u00e7o: R. V\u00edtor Emanuel Imesi, 221 &#8211; Pq. Pinheiros CEP: 37706-063 Po\u00e7os de Caldas\/MG<\/p>\n","protected":false},"author":1,"featured_media":0,"parent":112,"menu_order":0,"comment_status":"closed","ping_status":"closed","template":"","meta":{"colormag_page_container_layout":"no_sidebar_full_width","colormag_page_sidebar_layout":"right_sidebar","footnotes":""},"class_list":["post-310","page","type-page","status-publish","hentry"],"_links":{"self":[{"href":"https:\/\/adpocosdecaldas.com.br\/portal\/wp-json\/wp\/v2\/pages\/310","targetHints":{"allow":["GET"]}}],"collection":[{"href":"https:\/\/adpocosdecaldas.com.br\/portal\/wp-json\/wp\/v2\/pages"}],"about":[{"href":"https:\/\/adpocosdecaldas.com.br\/portal\/wp-json\/wp\/v2\/types\/page"}],"author":[{"embeddable":true,"href":"https:\/\/adpocosdecaldas.com.br\/portal\/wp-json\/wp\/v2\/users\/1"}],"replies":[{"embeddable":true,"href":"https:\/\/adpocosdecaldas.com.br\/portal\/wp-json\/wp\/v2\/comments?post=310"}],"version-history":[{"count":7,"href":"https:\/\/adpocosdecaldas.com.br\/portal\/wp-json\/wp\/v2\/pages\/310\/revisions"}],"predecessor-version":[{"id":2253,"href":"https:\/\/adpocosdecaldas.com.br\/portal\/wp-json\/wp\/v2\/pages\/310\/revisions\/2253"}],"up":[{"embeddable":true,"href":"https:\/\/adpocosdecaldas.com.br\/portal\/wp-json\/wp\/v2\/pages\/112"}],"wp:attachment":[{"href":"https:\/\/adpocosdecaldas.com.br\/portal\/wp-json\/wp\/v2\/media?parent=310"}],"curies":[{"name":"wp","href":"https:\/\/api.w.org\/{rel}","templated":true}]}}