{"id":343,"date":"2016-12-01T16:18:44","date_gmt":"2016-12-01T19:18:44","guid":{"rendered":"http:\/\/adpocosdecaldas.com.br\/2016\/?page_id=343"},"modified":"2023-11-14T16:31:53","modified_gmt":"2023-11-14T19:31:53","slug":"bortolan","status":"publish","type":"page","link":"https:\/\/adpocosdecaldas.com.br\/portal\/o-campo-de-pocos\/congregacoes\/bortolan\/","title":{"rendered":"Bortolan"},"content":{"rendered":"<h6 style=\"text-align: center;\">Dirigente: Pr. Eude<\/h6>\n<p><img loading=\"lazy\" decoding=\"async\" class=\"size-full wp-image-759 aligncenter\" src=\"http:\/\/adpocosdecaldas.com.br\/portal\/wp-content\/uploads\/2016\/12\/fachada-bortolan.jpg\" alt=\"\" width=\"360\" height=\"483\" srcset=\"https:\/\/adpocosdecaldas.com.br\/portal\/wp-content\/uploads\/2016\/12\/fachada-bortolan.jpg 360w, https:\/\/adpocosdecaldas.com.br\/portal\/wp-content\/uploads\/2016\/12\/fachada-bortolan-224x300.jpg 224w\" sizes=\"auto, (max-width: 360px) 100vw, 360px\" \/><\/p>\n<h6 style=\"text-align: center;\">Endere\u00e7o:<\/h6>\n<div class=\"clear-float\" style=\"\r\n    width:100%;\r\n    \">\r\n    <\/div>\r\n<div class=\"huge_it_google_map_container\">\r\n    <div id=\"huge_it_google_map_6817\" data-map_id=\"4\"\r\n         class=\"huge_it_google_map\" style=\"\r\n    position:relative !important;\r\n    height:450px;\r\n    width:100%;\r\n    border-radius:0px;\r\n    margin:0px auto;\"\r\n         data-name=\"Igreja Bortolan\"\r\n         data-type=\"ROADMAP\"\r\n         data-zoom=\"17\"\r\n         data-min-zoom=\"0\"\r\n         data-max-zoom=\"22\"\r\n         data-locator-enabled=\"0\"\r\n         data-img-url        =\"https:\/\/adpocosdecaldas.com.br\/portal\/wp-content\/plugins\/google-maps\/assets\/images\/\"\r\n         data-border-radius=\"0\"\r\n         data-center-lat=\"-21.782413\"\r\n         data-center-lng=\"-46.641716\"\r\n         data-pan-controller=\"1\"\r\n         data-zoom-controller=\"1\"\r\n         data-type-controller=\"0\"\r\n         data-scale-controller=\"0\"\r\n         data-street-view-controller=\"1\"\r\n         data-overview-map-controller=\"1\"\r\n         data-width=\"100\"\r\n         data-height=\"450\"\r\n         data-align=\"center\"\r\n         data-info-type=\"click\"\r\n         data-open-infowindows-onload=\"0\"\r\n         data-animation=\"none\"\r\n         data-language=\"location based\"\r\n         data-draggable=\"1\"\r\n         data-wheel-scroll=\"1\"\r\n         data-traffic-layer=\"0\"\r\n         data-bike-layer=\"0\"\r\n         data-transit-layer=\"0\"\r\n         data-styling-hue=\"\"\r\n         data-styling-lightness=\"0\"\r\n         data-styling-gamma=\"1\"\r\n         data-styling-saturation=\"0\"><\/div>\r\n<\/div>\r\n\n<address style=\"text-align: center;\">Estrada \u00c1thila Cagnani de Melo, 11 &#8211; Panorama<br \/>\nCEP: 37718-200<br \/>\nPo\u00e7os de Caldas\/MG<\/address>\n","protected":false},"excerpt":{"rendered":"<p>Dirigente: Pr. Eude Endere\u00e7o: Estrada \u00c1thila Cagnani de Melo, 11 &#8211; Panorama CEP: 37718-200 Po\u00e7os de Caldas\/MG<\/p>\n","protected":false},"author":1,"featured_media":0,"parent":112,"menu_order":0,"comment_status":"closed","ping_status":"closed","template":"","meta":{"colormag_page_container_layout":"no_sidebar_full_width","colormag_page_sidebar_layout":"right_sidebar","footnotes":""},"class_list":["post-343","page","type-page","status-publish","hentry"],"_links":{"self":[{"href":"https:\/\/adpocosdecaldas.com.br\/portal\/wp-json\/wp\/v2\/pages\/343","targetHints":{"allow":["GET"]}}],"collection":[{"href":"https:\/\/adpocosdecaldas.com.br\/portal\/wp-json\/wp\/v2\/pages"}],"about":[{"href":"https:\/\/adpocosdecaldas.com.br\/portal\/wp-json\/wp\/v2\/types\/page"}],"author":[{"embeddable":true,"href":"https:\/\/adpocosdecaldas.com.br\/portal\/wp-json\/wp\/v2\/users\/1"}],"replies":[{"embeddable":true,"href":"https:\/\/adpocosdecaldas.com.br\/portal\/wp-json\/wp\/v2\/comments?post=343"}],"version-history":[{"count":8,"href":"https:\/\/adpocosdecaldas.com.br\/portal\/wp-json\/wp\/v2\/pages\/343\/revisions"}],"predecessor-version":[{"id":2227,"href":"https:\/\/adpocosdecaldas.com.br\/portal\/wp-json\/wp\/v2\/pages\/343\/revisions\/2227"}],"up":[{"embeddable":true,"href":"https:\/\/adpocosdecaldas.com.br\/portal\/wp-json\/wp\/v2\/pages\/112"}],"wp:attachment":[{"href":"https:\/\/adpocosdecaldas.com.br\/portal\/wp-json\/wp\/v2\/media?parent=343"}],"curies":[{"name":"wp","href":"https:\/\/api.w.org\/{rel}","templated":true}]}}

<h6 style="text-align: center;">Dirigente: Pr. Eude</h6>
<p><img loading="lazy" decoding="async" class="size-full wp-image-759 aligncenter" src="http://adpocosdecaldas.com.br/portal/wp-content/uploads/2016/12/fachada-bortolan.jpg" alt="" width="360" height="483" srcset="https://adpocosdecaldas.com.br/portal/wp-content/uploads/2016/12/fachada-bortolan.jpg 360w, https://adpocosdecaldas.com.br/portal/wp-content/uploads/2016/12/fachada-bortolan-224x300.jpg 224w" sizes="auto, (max-width: 360px) 100vw, 360px" /></p>
<h6 style="text-align: center;">Endereço:</h6>
<div class="clear-float" style="
    width:100%;
    ">
    </div>
<div class="huge_it_google_map_container">
    <div id="huge_it_google_map_6817" data-map_id="4"
         class="huge_it_google_map" style="
    position:relative !important;
    height:450px;
    width:100%;
    border-radius:0px;
    margin:0px auto;"
         data-name="Igreja Bortolan"
         data-type="ROADMAP"
         data-zoom="17"
         data-min-zoom="0"
         data-max-zoom="22"
         data-locator-enabled="0"
         data-img-url        ="https://adpocosdecaldas.com.br/portal/wp-content/plugins/google-maps/assets/images/"
         data-border-radius="0"
         data-center-lat="-21.782413"
         data-center-lng="-46.641716"
         data-pan-controller="1"
         data-zoom-controller="1"
         data-type-controller="0"
         data-scale-controller="0"
         data-street-view-controller="1"
         data-overview-map-controller="1"
         data-width="100"
         data-height="450"
         data-align="center"
         data-info-type="click"
         data-open-infowindows-onload="0"
         data-animation="none"
         data-language="location based"
         data-draggable="1"
         data-wheel-scroll="1"
         data-traffic-layer="0"
         data-bike-layer="0"
         data-transit-layer="0"
         data-styling-hue=""
         data-styling-lightness="0"
         data-styling-gamma="1"
         data-styling-saturation="0"></div>
</div>

<address style="text-align: center;">Estrada Áthila Cagnani de Melo, 11 &#8211; Panorama<br />
CEP: 37718-200<br />
Poços de Caldas/MG</address>

<p>Dirigente: Pr. Eude Endereço: Estrada Áthila Cagnani de Melo, 11 &#8211; Panorama CEP: 37718-200 Poços de Caldas/MG</p>
