{"id":357,"date":"2016-12-02T00:02:32","date_gmt":"2016-12-02T03:02:32","guid":{"rendered":"http:\/\/adpocosdecaldas.com.br\/2016\/?page_id=357"},"modified":"2026-03-01T19:34:31","modified_gmt":"2026-03-01T22:34:31","slug":"cabo-verde","status":"publish","type":"page","link":"https:\/\/adpocosdecaldas.com.br\/portal\/o-campo-de-pocos\/congregacoes\/cabo-verde\/","title":{"rendered":"Cabo Verde"},"content":{"rendered":"<h6 style=\"text-align: center;\">Dirigente: Mission\u00e1ria Maria Helena<\/h6>\n<p>&nbsp;<\/p>\n<h6 style=\"text-align: center;\">Endere\u00e7o:<\/h6>\n<p><iframe loading=\"lazy\" style=\"border: 0;\" src=\"https:\/\/www.google.com\/maps\/embed?pb=!1m18!1m12!1m3!1d3712.8917676490028!2d-46.395593685315745!3d-21.472762993670397!2m3!1f0!2f0!3f0!3m2!1i1024!2i768!4f13.1!3m3!1m2!1s0x94b61af25424b139%3A0x8546a30c74504cc4!2sAD+Cabo+Verde!5e0!3m2!1spt-BR!2sbr!4v1484764860150\" width=\"600\" height=\"450\" frameborder=\"0\" allowfullscreen=\"allowfullscreen\"><\/iframe><\/p>\n<address style=\"text-align: center;\">R. Andr\u00e9 Ventura de Oliveira, 71<br \/>\nCEP: 37880-000<br \/>\nCabo Verde\/MG<\/address>\n","protected":false},"excerpt":{"rendered":"<p>Dirigente: Mission\u00e1ria Maria Helena &nbsp; Endere\u00e7o: R. Andr\u00e9 Ventura de Oliveira, 71 CEP: 37880-000 Cabo Verde\/MG<\/p>\n","protected":false},"author":1,"featured_media":0,"parent":112,"menu_order":0,"comment_status":"closed","ping_status":"closed","template":"","meta":{"colormag_page_container_layout":"no_sidebar_full_width","colormag_page_sidebar_layout":"right_sidebar","footnotes":""},"class_list":["post-357","page","type-page","status-publish","hentry"],"_links":{"self":[{"href":"https:\/\/adpocosdecaldas.com.br\/portal\/wp-json\/wp\/v2\/pages\/357","targetHints":{"allow":["GET"]}}],"collection":[{"href":"https:\/\/adpocosdecaldas.com.br\/portal\/wp-json\/wp\/v2\/pages"}],"about":[{"href":"https:\/\/adpocosdecaldas.com.br\/portal\/wp-json\/wp\/v2\/types\/page"}],"author":[{"embeddable":true,"href":"https:\/\/adpocosdecaldas.com.br\/portal\/wp-json\/wp\/v2\/users\/1"}],"replies":[{"embeddable":true,"href":"https:\/\/adpocosdecaldas.com.br\/portal\/wp-json\/wp\/v2\/comments?post=357"}],"version-history":[{"count":4,"href":"https:\/\/adpocosdecaldas.com.br\/portal\/wp-json\/wp\/v2\/pages\/357\/revisions"}],"predecessor-version":[{"id":2289,"href":"https:\/\/adpocosdecaldas.com.br\/portal\/wp-json\/wp\/v2\/pages\/357\/revisions\/2289"}],"up":[{"embeddable":true,"href":"https:\/\/adpocosdecaldas.com.br\/portal\/wp-json\/wp\/v2\/pages\/112"}],"wp:attachment":[{"href":"https:\/\/adpocosdecaldas.com.br\/portal\/wp-json\/wp\/v2\/media?parent=357"}],"curies":[{"name":"wp","href":"https:\/\/api.w.org\/{rel}","templated":true}]}}