{"id":606,"date":"2016-12-14T10:12:58","date_gmt":"2016-12-14T13:12:58","guid":{"rendered":"http:\/\/adpocosdecaldas.com.br\/2016\/?page_id=606"},"modified":"2026-03-01T19:39:06","modified_gmt":"2026-03-01T22:39:06","slug":"ribeirao-do-santo-antonio","status":"publish","type":"page","link":"https:\/\/adpocosdecaldas.com.br\/portal\/o-campo-de-pocos\/congregacoes\/ribeirao-do-santo-antonio\/","title":{"rendered":"Ribeir\u00e3o do Santo Ant\u00f4nio"},"content":{"rendered":"<h6 style=\"text-align: center;\">Dirigente: Presb\u00edtero Jo\u00e3o Vitor<\/h6>\n<h6 style=\"text-align: center;\">Endere\u00e7o:<\/h6>\n<p style=\"text-align: center;\"><iframe loading=\"lazy\" style=\"border: 0;\" src=\"https:\/\/www.google.com\/maps\/embed?pb=!1m18!1m12!1m3!1d118657.99099785909!2d-46.75102447339707!3d-21.661436918365617!2m3!1f0!2f0!3f0!3m2!1i1024!2i768!4f13.1!3m3!1m2!1s0x94b62772214162f3%3A0x25527795282356a1!2sAD+Divinol%C3%A2ndia!5e0!3m2!1spt-BR!2sbr!4v1484765159204\" width=\"600\" height=\"450\" frameborder=\"0\" allowfullscreen=\"allowfullscreen\"><\/iframe><\/p>\n<address style=\"text-align: center;\">R. Jos\u00e9 Joaquim Junqueira, 510 &#8211; Ribeir\u00e3o do Santo Ant\u00f4nio<br \/>\nCEP: 13782-484<br \/>\nDivinol\u00e2ndia\/SP<\/address>\n","protected":false},"excerpt":{"rendered":"<p>Dirigente: Presb\u00edtero Jo\u00e3o Vitor Endere\u00e7o: R. Jos\u00e9 Joaquim Junqueira, 510 &#8211; Ribeir\u00e3o do Santo Ant\u00f4nio CEP: 13782-484 Divinol\u00e2ndia\/SP<\/p>\n","protected":false},"author":1,"featured_media":0,"parent":112,"menu_order":0,"comment_status":"closed","ping_status":"closed","template":"","meta":{"colormag_page_container_layout":"no_sidebar_full_width","colormag_page_sidebar_layout":"right_sidebar","footnotes":""},"class_list":["post-606","page","type-page","status-publish","hentry"],"_links":{"self":[{"href":"https:\/\/adpocosdecaldas.com.br\/portal\/wp-json\/wp\/v2\/pages\/606","targetHints":{"allow":["GET"]}}],"collection":[{"href":"https:\/\/adpocosdecaldas.com.br\/portal\/wp-json\/wp\/v2\/pages"}],"about":[{"href":"https:\/\/adpocosdecaldas.com.br\/portal\/wp-json\/wp\/v2\/types\/page"}],"author":[{"embeddable":true,"href":"https:\/\/adpocosdecaldas.com.br\/portal\/wp-json\/wp\/v2\/users\/1"}],"replies":[{"embeddable":true,"href":"https:\/\/adpocosdecaldas.com.br\/portal\/wp-json\/wp\/v2\/comments?post=606"}],"version-history":[{"count":13,"href":"https:\/\/adpocosdecaldas.com.br\/portal\/wp-json\/wp\/v2\/pages\/606\/revisions"}],"predecessor-version":[{"id":2294,"href":"https:\/\/adpocosdecaldas.com.br\/portal\/wp-json\/wp\/v2\/pages\/606\/revisions\/2294"}],"up":[{"embeddable":true,"href":"https:\/\/adpocosdecaldas.com.br\/portal\/wp-json\/wp\/v2\/pages\/112"}],"wp:attachment":[{"href":"https:\/\/adpocosdecaldas.com.br\/portal\/wp-json\/wp\/v2\/media?parent=606"}],"curies":[{"name":"wp","href":"https:\/\/api.w.org\/{rel}","templated":true}]}}