{"id":621,"date":"2016-12-15T10:10:13","date_gmt":"2016-12-15T13:10:13","guid":{"rendered":"http:\/\/adpocosdecaldas.com.br\/2016\/?page_id=621"},"modified":"2026-03-01T19:36:13","modified_gmt":"2026-03-01T22:36:13","slug":"jd-daniele","status":"publish","type":"page","link":"https:\/\/adpocosdecaldas.com.br\/portal\/o-campo-de-pocos\/congregacoes\/jd-daniele\/","title":{"rendered":"Jd. Daniele"},"content":{"rendered":"\n<div class=\"wp-block-group is-layout-flow wp-block-group-is-layout-flow\">\n<h6 style=\"text-align: center;\">Dirigente: Presb\u00edtero Emerson<\/h6>\n<h6 style=\"text-align: center;\">Endere\u00e7o:<\/h6>\n<p style=\"text-align: center;\"><iframe loading=\"lazy\" style=\"border: 0;\" src=\"https:\/\/www.google.com\/maps\/embed?pb=!1m18!1m12!1m3!1d925.9251194957156!2d-46.55608863040116!3d-21.830500698751678!2m3!1f0!2f0!3f0!3m2!1i1024!2i768!4f13.1!3m3!1m2!1s0x94c9c31e40298a9b%3A0xe5bbd2e7a219f4f6!2sR.%20Vagner%20Luis%20da%20Cunha%2C%2018%20-%20Jardim%20Esperanca%2C%20Po%C3%A7os%20de%20Caldas%20-%20MG%2C%2037713-208!5e0!3m2!1spt-BR!2sbr!4v1699990910725!5m2!1spt-BR!2sbr\" width=\"600\" height=\"450\" frameborder=\"0\" allowfullscreen=\"allowfullscreen\"><\/iframe><\/p>\n<address style=\"text-align: center;\">R. Vagner Luis da Cunha, 18 &#8211; Jardim Daniele<br \/>CEP: 37713-208<br \/>Po\u00e7os de Caldas\/MG<\/address>\n<\/div>\n","protected":false},"excerpt":{"rendered":"<p>Dirigente: Presb\u00edtero Emerson Endere\u00e7o: R. Vagner Luis da Cunha, 18 &#8211; Jardim DanieleCEP: 37713-208Po\u00e7os de Caldas\/MG<\/p>\n","protected":false},"author":1,"featured_media":0,"parent":112,"menu_order":0,"comment_status":"closed","ping_status":"closed","template":"","meta":{"colormag_page_container_layout":"no_sidebar_full_width","colormag_page_sidebar_layout":"right_sidebar","footnotes":""},"class_list":["post-621","page","type-page","status-publish","hentry"],"_links":{"self":[{"href":"https:\/\/adpocosdecaldas.com.br\/portal\/wp-json\/wp\/v2\/pages\/621","targetHints":{"allow":["GET"]}}],"collection":[{"href":"https:\/\/adpocosdecaldas.com.br\/portal\/wp-json\/wp\/v2\/pages"}],"about":[{"href":"https:\/\/adpocosdecaldas.com.br\/portal\/wp-json\/wp\/v2\/types\/page"}],"author":[{"embeddable":true,"href":"https:\/\/adpocosdecaldas.com.br\/portal\/wp-json\/wp\/v2\/users\/1"}],"replies":[{"embeddable":true,"href":"https:\/\/adpocosdecaldas.com.br\/portal\/wp-json\/wp\/v2\/comments?post=621"}],"version-history":[{"count":13,"href":"https:\/\/adpocosdecaldas.com.br\/portal\/wp-json\/wp\/v2\/pages\/621\/revisions"}],"predecessor-version":[{"id":2291,"href":"https:\/\/adpocosdecaldas.com.br\/portal\/wp-json\/wp\/v2\/pages\/621\/revisions\/2291"}],"up":[{"embeddable":true,"href":"https:\/\/adpocosdecaldas.com.br\/portal\/wp-json\/wp\/v2\/pages\/112"}],"wp:attachment":[{"href":"https:\/\/adpocosdecaldas.com.br\/portal\/wp-json\/wp\/v2\/media?parent=621"}],"curies":[{"name":"wp","href":"https:\/\/api.w.org\/{rel}","templated":true}]}}

<div class="wp-block-group is-layout-flow wp-block-group-is-layout-flow">
<h6 style="text-align: center;">Dirigente: Presbítero Emerson</h6>
<h6 style="text-align: center;">Endereço:</h6>
<p style="text-align: center;"><iframe loading="lazy" style="border: 0;" src="https://www.google.com/maps/embed?pb=!1m18!1m12!1m3!1d925.9251194957156!2d-46.55608863040116!3d-21.830500698751678!2m3!1f0!2f0!3f0!3m2!1i1024!2i768!4f13.1!3m3!1m2!1s0x94c9c31e40298a9b%3A0xe5bbd2e7a219f4f6!2sR.%20Vagner%20Luis%20da%20Cunha%2C%2018%20-%20Jardim%20Esperanca%2C%20Po%C3%A7os%20de%20Caldas%20-%20MG%2C%2037713-208!5e0!3m2!1spt-BR!2sbr!4v1699990910725!5m2!1spt-BR!2sbr" width="600" height="450" frameborder="0" allowfullscreen="allowfullscreen"></iframe></p>
<address style="text-align: center;">R. Vagner Luis da Cunha, 18 &#8211; Jardim Daniele<br />CEP: 37713-208<br />Poços de Caldas/MG</address>
</div>

<p>Dirigente: Presbítero Emerson Endereço: R. Vagner Luis da Cunha, 18 &#8211; Jardim DanieleCEP: 37713-208Poços de Caldas/MG</p>
