{"id":653,"date":"2016-12-19T16:28:34","date_gmt":"2016-12-19T19:28:34","guid":{"rendered":"http:\/\/adpocosdecaldas.com.br\/2016\/?page_id=653"},"modified":"2025-07-06T18:39:40","modified_gmt":"2025-07-06T21:39:40","slug":"sao-jose","status":"publish","type":"page","link":"https:\/\/adpocosdecaldas.com.br\/portal\/o-campo-de-pocos\/congregacoes\/sao-jose\/","title":{"rendered":"S\u00e3o Jos\u00e9"},"content":{"rendered":"<h6 style=\"text-align: center;\">Dirigente: Pastor Claudinei<\/h6>\n<h6 style=\"text-align: center;\">Endere\u00e7o:<\/h6>\n<p style=\"text-align: center;\"><iframe loading=\"lazy\" style=\"border: 0;\" src=\"https:\/\/www.google.com\/maps\/embed?pb=!1m18!1m12!1m3!1d1852.1350793140616!2d-46.569797140070975!3d-21.808490325093427!2m3!1f0!2f0!3f0!3m2!1i1024!2i768!4f13.1!3m3!1m2!1s0x94c9dccc0ee654d9%3A0xb4e3122508378742!2sR.+Ranulfo+Figueiredo%2C+256+-+S%C3%A3o+Jos%C3%A9%2C+Po%C3%A7os+de+Caldas+-+MG%2C+37704-233!5e0!3m2!1spt-BR!2sbr!4v1517744964335\" width=\"600\" height=\"450\" frameborder=\"0\" allowfullscreen=\"allowfullscreen\"><\/iframe><\/p>\n<address style=\"text-align: center;\">R. Ranulfo Figueiredo, 256\u00a0&#8211;\u00a0S\u00e3o Jos\u00e9<br \/>\nCEP: 37704-233<br \/>\nPo\u00e7os de Caldas\/MG<\/address>\n","protected":false},"excerpt":{"rendered":"<p>Dirigente: Pastor Claudinei Endere\u00e7o: R. Ranulfo Figueiredo, 256\u00a0&#8211;\u00a0S\u00e3o Jos\u00e9 CEP: 37704-233 Po\u00e7os de Caldas\/MG<\/p>\n","protected":false},"author":1,"featured_media":0,"parent":112,"menu_order":0,"comment_status":"closed","ping_status":"closed","template":"","meta":{"colormag_page_container_layout":"no_sidebar_full_width","colormag_page_sidebar_layout":"right_sidebar","footnotes":""},"class_list":["post-653","page","type-page","status-publish","hentry"],"_links":{"self":[{"href":"https:\/\/adpocosdecaldas.com.br\/portal\/wp-json\/wp\/v2\/pages\/653","targetHints":{"allow":["GET"]}}],"collection":[{"href":"https:\/\/adpocosdecaldas.com.br\/portal\/wp-json\/wp\/v2\/pages"}],"about":[{"href":"https:\/\/adpocosdecaldas.com.br\/portal\/wp-json\/wp\/v2\/types\/page"}],"author":[{"embeddable":true,"href":"https:\/\/adpocosdecaldas.com.br\/portal\/wp-json\/wp\/v2\/users\/1"}],"replies":[{"embeddable":true,"href":"https:\/\/adpocosdecaldas.com.br\/portal\/wp-json\/wp\/v2\/comments?post=653"}],"version-history":[{"count":13,"href":"https:\/\/adpocosdecaldas.com.br\/portal\/wp-json\/wp\/v2\/pages\/653\/revisions"}],"predecessor-version":[{"id":2280,"href":"https:\/\/adpocosdecaldas.com.br\/portal\/wp-json\/wp\/v2\/pages\/653\/revisions\/2280"}],"up":[{"embeddable":true,"href":"https:\/\/adpocosdecaldas.com.br\/portal\/wp-json\/wp\/v2\/pages\/112"}],"wp:attachment":[{"href":"https:\/\/adpocosdecaldas.com.br\/portal\/wp-json\/wp\/v2\/media?parent=653"}],"curies":[{"name":"wp","href":"https:\/\/api.w.org\/{rel}","templated":true}]}}

São José

<h6 style="text-align: center;">Dirigente: Pastor Claudinei</h6>
<h6 style="text-align: center;">Endereço:</h6>
<p style="text-align: center;"><iframe loading="lazy" style="border: 0;" src="https://www.google.com/maps/embed?pb=!1m18!1m12!1m3!1d1852.1350793140616!2d-46.569797140070975!3d-21.808490325093427!2m3!1f0!2f0!3f0!3m2!1i1024!2i768!4f13.1!3m3!1m2!1s0x94c9dccc0ee654d9%3A0xb4e3122508378742!2sR.+Ranulfo+Figueiredo%2C+256+-+S%C3%A3o+Jos%C3%A9%2C+Po%C3%A7os+de+Caldas+-+MG%2C+37704-233!5e0!3m2!1spt-BR!2sbr!4v1517744964335" width="600" height="450" frameborder="0" allowfullscreen="allowfullscreen"></iframe></p>
<address style="text-align: center;">R. Ranulfo Figueiredo, 256 &#8211; São José<br />
CEP: 37704-233<br />
Poços de Caldas/MG</address>

<p>Dirigente: Pastor Claudinei Endereço: R. Ranulfo Figueiredo, 256 &#8211; São José CEP: 37704-233 Poços de Caldas/MG</p>
